{"id":75,"date":"2023-11-22T09:32:42","date_gmt":"2023-11-22T08:32:42","guid":{"rendered":"https:\/\/croquemongateau.fr\/?page_id=75"},"modified":"2026-04-13T10:19:30","modified_gmt":"2026-04-13T08:19:30","slug":"ou-est-croque-mon-gateau","status":"publish","type":"page","link":"http:\/\/croquemongateau.fr\/index.php\/ou-est-croque-mon-gateau\/","title":{"rendered":"O\u00f9 sommes-nous ?"},"content":{"rendered":"<p><span style=\"font-size: revert;\">Envie de nous faire venir dans votre ville, votre ville ou chez vous ? Contactez-nous par mail ou t\u00e9l\u00e9phone :<\/span><\/p>\n<ul>\n<li>06 65 72 95 48\u00a0<\/li>\n<li><a href=\"mailto:contact@croquemongateau.fr\">contact@croquemongateau.fr<\/a><\/li>\n<\/ul>\n<p><span style=\"font-size: revert;\">D&rsquo;ici l\u00e0, voici notre planning pour la semaine du lundi 13 au dimanche 19 avril :<\/span><\/p>\n<p>Lundi 13 : On r\u00e9seaute<\/p>\n<p>Mardi 14 : Buffet traiteur pour <a href=\"https:\/\/www.facebook.com\/esseo.fr\/posts\/les-entrepreneurs-du-confluent-r%C3%A9unis-%C3%A0-lh%C3%B4tel-dentreprises-confluence\/540155461871705\/\">Les Entrepreneurs Du Confluent<\/a>.\u00a0<\/p>\n<p>Mercredi 15 : Production<\/p>\n<p>Jeudi 16 : AP-HP Ambroise Par\u00e9, Boulogne-Billancourt (11h30 &#8211; 14h30)<\/p>\n<p>Vendredi 17 : G\u00e2teau<\/p>\n<p>Samedi 18 : <a href=\"https:\/\/www.tourisme93.com\/document.php?pagendx=815&amp;engine_zoom=FMAIDFC930027521#:~:text=Rendez%2Dvous%20annuel%20familial%20et,'Honneur%20%C3%A0%20Saint%2DDenis.\">F\u00eate des Tulipes<\/a>, Parc de la L\u00e9gion d&rsquo;Honneur, Saint-Denis (11h00 &#8211; 20h00)<\/p>\n<p>Dimanche 19 : F\u00eate des Tulipes, Parc de la L\u00e9gion d&rsquo;Honneur, Saint-Denis (11h00 &#8211; 19h00)<\/p>\n\n\n<p><\/p>\n","protected":false},"excerpt":{"rendered":"<p>Envie de nous faire venir dans votre ville, votre ville ou chez vous ? Contactez-nous par mail ou t\u00e9l\u00e9phone : 06 65 72 95 48\u00a0 contact@croquemongateau.fr D&rsquo;ici l\u00e0, voici notre planning pour la semaine du lundi 13 au dimanche 19 avril : Lundi 13 : On r\u00e9seaute Mardi 14 : Buffet traiteur pour Les Entrepreneurs&#8230;<\/p>\n","protected":false},"author":1,"featured_media":861,"parent":0,"menu_order":0,"comment_status":"closed","ping_status":"closed","template":"","meta":{"footnotes":""},"class_list":["post-75","page","type-page","status-publish","has-post-thumbnail","hentry"],"yoast_head":"<!-- This site is optimized with the Yoast SEO plugin v21.9.1 - https:\/\/yoast.com\/wordpress\/plugins\/seo\/ -->\n<title>O\u00f9 sommes-nous ? - Croque mon g\u00e2teau<\/title>\n<meta name=\"description\" content=\"D\u00e9couvrez o\u00f9 retrouver notre remorque food truck Croque Mon G\u00e2teau, semaine apr\u00e8s semaine. Lieux et horaires.\" \/>\n<meta name=\"robots\" content=\"index, follow, max-snippet:-1, max-image-preview:large, max-video-preview:-1\" \/>\n<link rel=\"canonical\" href=\"http:\/\/croquemongateau.fr\/index.php\/ou-est-croque-mon-gateau\/\" \/>\n<meta property=\"og:locale\" content=\"fr_FR\" \/>\n<meta property=\"og:type\" content=\"article\" \/>\n<meta property=\"og:title\" content=\"O\u00f9 sommes-nous ? - Croque mon g\u00e2teau\" \/>\n<meta property=\"og:description\" content=\"D\u00e9couvrez o\u00f9 retrouver notre remorque food truck Croque Mon G\u00e2teau, semaine apr\u00e8s semaine. Lieux et horaires.\" \/>\n<meta property=\"og:url\" content=\"http:\/\/croquemongateau.fr\/index.php\/ou-est-croque-mon-gateau\/\" \/>\n<meta property=\"og:site_name\" content=\"Croque mon g\u00e2teau\" \/>\n<meta property=\"article:modified_time\" content=\"2026-04-13T08:19:30+00:00\" \/>\n<meta property=\"og:image\" content=\"http:\/\/croquemongateau.fr\/wp-content\/uploads\/2026\/02\/Emplacement-Bercy-Lumieres.jpeg\" \/>\n\t<meta property=\"og:image:width\" content=\"650\" \/>\n\t<meta property=\"og:image:height\" content=\"461\" \/>\n\t<meta property=\"og:image:type\" content=\"image\/jpeg\" \/>\n<meta name=\"twitter:card\" content=\"summary_large_image\" \/>\n<meta name=\"twitter:label1\" content=\"Dur\u00e9e de lecture estim\u00e9e\" \/>\n\t<meta name=\"twitter:data1\" content=\"1 minute\" \/>\n<script type=\"application\/ld+json\" class=\"yoast-schema-graph\">{\"@context\":\"https:\/\/schema.org\",\"@graph\":[{\"@type\":\"WebPage\",\"@id\":\"http:\/\/croquemongateau.fr\/index.php\/ou-est-croque-mon-gateau\/\",\"url\":\"http:\/\/croquemongateau.fr\/index.php\/ou-est-croque-mon-gateau\/\",\"name\":\"O\u00f9 sommes-nous ? - Croque mon g\u00e2teau\",\"isPartOf\":{\"@id\":\"http:\/\/croquemongateau.fr\/#website\"},\"datePublished\":\"2023-11-22T08:32:42+00:00\",\"dateModified\":\"2026-04-13T08:19:30+00:00\",\"description\":\"D\u00e9couvrez o\u00f9 retrouver notre remorque food truck Croque Mon G\u00e2teau, semaine apr\u00e8s semaine. Lieux et horaires.\",\"breadcrumb\":{\"@id\":\"http:\/\/croquemongateau.fr\/index.php\/ou-est-croque-mon-gateau\/#breadcrumb\"},\"inLanguage\":\"fr-FR\",\"potentialAction\":[{\"@type\":\"ReadAction\",\"target\":[\"http:\/\/croquemongateau.fr\/index.php\/ou-est-croque-mon-gateau\/\"]}]},{\"@type\":\"BreadcrumbList\",\"@id\":\"http:\/\/croquemongateau.fr\/index.php\/ou-est-croque-mon-gateau\/#breadcrumb\",\"itemListElement\":[{\"@type\":\"ListItem\",\"position\":1,\"name\":\"Home\",\"item\":\"http:\/\/croquemongateau.fr\/\"},{\"@type\":\"ListItem\",\"position\":2,\"name\":\"O\u00f9 sommes-nous ?\"}]},{\"@type\":\"WebSite\",\"@id\":\"http:\/\/croquemongateau.fr\/#website\",\"url\":\"http:\/\/croquemongateau.fr\/\",\"name\":\"Croque mon g\u00e2teau\",\"description\":\"\",\"publisher\":{\"@id\":\"http:\/\/croquemongateau.fr\/#organization\"},\"potentialAction\":[{\"@type\":\"SearchAction\",\"target\":{\"@type\":\"EntryPoint\",\"urlTemplate\":\"http:\/\/croquemongateau.fr\/?s={search_term_string}\"},\"query-input\":\"required name=search_term_string\"}],\"inLanguage\":\"fr-FR\"},{\"@type\":\"Organization\",\"@id\":\"http:\/\/croquemongateau.fr\/#organization\",\"name\":\"Croque mon g\u00e2teau\",\"url\":\"http:\/\/croquemongateau.fr\/\",\"logo\":{\"@type\":\"ImageObject\",\"inLanguage\":\"fr-FR\",\"@id\":\"http:\/\/croquemongateau.fr\/#\/schema\/logo\/image\/\",\"url\":\"http:\/\/croquemongateau.fr\/wp-content\/uploads\/2023\/10\/CMG-logo-secondaire-3.png\",\"contentUrl\":\"http:\/\/croquemongateau.fr\/wp-content\/uploads\/2023\/10\/CMG-logo-secondaire-3.png\",\"width\":1200,\"height\":466,\"caption\":\"Croque mon g\u00e2teau\"},\"image\":{\"@id\":\"http:\/\/croquemongateau.fr\/#\/schema\/logo\/image\/\"}}]}<\/script>\n<!-- \/ Yoast SEO plugin. -->","yoast_head_json":{"title":"O\u00f9 sommes-nous ? - Croque mon g\u00e2teau","description":"D\u00e9couvrez o\u00f9 retrouver notre remorque food truck Croque Mon G\u00e2teau, semaine apr\u00e8s semaine. Lieux et horaires.","robots":{"index":"index","follow":"follow","max-snippet":"max-snippet:-1","max-image-preview":"max-image-preview:large","max-video-preview":"max-video-preview:-1"},"canonical":"http:\/\/croquemongateau.fr\/index.php\/ou-est-croque-mon-gateau\/","og_locale":"fr_FR","og_type":"article","og_title":"O\u00f9 sommes-nous ? - Croque mon g\u00e2teau","og_description":"D\u00e9couvrez o\u00f9 retrouver notre remorque food truck Croque Mon G\u00e2teau, semaine apr\u00e8s semaine. Lieux et horaires.","og_url":"http:\/\/croquemongateau.fr\/index.php\/ou-est-croque-mon-gateau\/","og_site_name":"Croque mon g\u00e2teau","article_modified_time":"2026-04-13T08:19:30+00:00","og_image":[{"width":650,"height":461,"url":"http:\/\/croquemongateau.fr\/wp-content\/uploads\/2026\/02\/Emplacement-Bercy-Lumieres.jpeg","type":"image\/jpeg"}],"twitter_card":"summary_large_image","twitter_misc":{"Dur\u00e9e de lecture estim\u00e9e":"1 minute"},"schema":{"@context":"https:\/\/schema.org","@graph":[{"@type":"WebPage","@id":"http:\/\/croquemongateau.fr\/index.php\/ou-est-croque-mon-gateau\/","url":"http:\/\/croquemongateau.fr\/index.php\/ou-est-croque-mon-gateau\/","name":"O\u00f9 sommes-nous ? - Croque mon g\u00e2teau","isPartOf":{"@id":"http:\/\/croquemongateau.fr\/#website"},"datePublished":"2023-11-22T08:32:42+00:00","dateModified":"2026-04-13T08:19:30+00:00","description":"D\u00e9couvrez o\u00f9 retrouver notre remorque food truck Croque Mon G\u00e2teau, semaine apr\u00e8s semaine. Lieux et horaires.","breadcrumb":{"@id":"http:\/\/croquemongateau.fr\/index.php\/ou-est-croque-mon-gateau\/#breadcrumb"},"inLanguage":"fr-FR","potentialAction":[{"@type":"ReadAction","target":["http:\/\/croquemongateau.fr\/index.php\/ou-est-croque-mon-gateau\/"]}]},{"@type":"BreadcrumbList","@id":"http:\/\/croquemongateau.fr\/index.php\/ou-est-croque-mon-gateau\/#breadcrumb","itemListElement":[{"@type":"ListItem","position":1,"name":"Home","item":"http:\/\/croquemongateau.fr\/"},{"@type":"ListItem","position":2,"name":"O\u00f9 sommes-nous ?"}]},{"@type":"WebSite","@id":"http:\/\/croquemongateau.fr\/#website","url":"http:\/\/croquemongateau.fr\/","name":"Croque mon g\u00e2teau","description":"","publisher":{"@id":"http:\/\/croquemongateau.fr\/#organization"},"potentialAction":[{"@type":"SearchAction","target":{"@type":"EntryPoint","urlTemplate":"http:\/\/croquemongateau.fr\/?s={search_term_string}"},"query-input":"required name=search_term_string"}],"inLanguage":"fr-FR"},{"@type":"Organization","@id":"http:\/\/croquemongateau.fr\/#organization","name":"Croque mon g\u00e2teau","url":"http:\/\/croquemongateau.fr\/","logo":{"@type":"ImageObject","inLanguage":"fr-FR","@id":"http:\/\/croquemongateau.fr\/#\/schema\/logo\/image\/","url":"http:\/\/croquemongateau.fr\/wp-content\/uploads\/2023\/10\/CMG-logo-secondaire-3.png","contentUrl":"http:\/\/croquemongateau.fr\/wp-content\/uploads\/2023\/10\/CMG-logo-secondaire-3.png","width":1200,"height":466,"caption":"Croque mon g\u00e2teau"},"image":{"@id":"http:\/\/croquemongateau.fr\/#\/schema\/logo\/image\/"}}]}},"_links":{"self":[{"href":"http:\/\/croquemongateau.fr\/index.php\/wp-json\/wp\/v2\/pages\/75","targetHints":{"allow":["GET"]}}],"collection":[{"href":"http:\/\/croquemongateau.fr\/index.php\/wp-json\/wp\/v2\/pages"}],"about":[{"href":"http:\/\/croquemongateau.fr\/index.php\/wp-json\/wp\/v2\/types\/page"}],"author":[{"embeddable":true,"href":"http:\/\/croquemongateau.fr\/index.php\/wp-json\/wp\/v2\/users\/1"}],"replies":[{"embeddable":true,"href":"http:\/\/croquemongateau.fr\/index.php\/wp-json\/wp\/v2\/comments?post=75"}],"version-history":[{"count":243,"href":"http:\/\/croquemongateau.fr\/index.php\/wp-json\/wp\/v2\/pages\/75\/revisions"}],"predecessor-version":[{"id":922,"href":"http:\/\/croquemongateau.fr\/index.php\/wp-json\/wp\/v2\/pages\/75\/revisions\/922"}],"wp:featuredmedia":[{"embeddable":true,"href":"http:\/\/croquemongateau.fr\/index.php\/wp-json\/wp\/v2\/media\/861"}],"wp:attachment":[{"href":"http:\/\/croquemongateau.fr\/index.php\/wp-json\/wp\/v2\/media?parent=75"}],"curies":[{"name":"wp","href":"https:\/\/api.w.org\/{rel}","templated":true}]}}